14 - 4) + 3*g.
7
Let y = -5 - -7. Suppose t - 16 = -t + y*r, 3*t - 5*r - 16 = 0. List the prime factors of t.
2, 3
Suppose q + 190 = 6*q. What are the prime factors of q?
2, 19
Suppose -4*z + q + 17 = -2*z, 5*z - 56 = -2*q. Let l = z + 35. List the prime factors of l.
3, 5
Let z(h) = -h + 21. List the prime factors of z(0).
3, 7
Let a = 227 + -113. What are the prime factors of a?
2, 3, 19
Let s = -19 + 10. Let w = 27 - 43. What are the prime factors of w/12*s/1?
2, 3
Suppose 0 = 4*k - 46 - 22. Let f = k - -9. What are the prime factors of f?
2, 13
Suppose 3*g = 3*x - g - 8, 0 = x + 5*g + 10. Let f = 0 + x. Suppose 3*q - 15 = f, 2*q + 5 - 6 = 3*n. List the prime factors of n.
3
Let q(k) = k + 12. Let l be ((-12)/15)/(2/(-5)). Suppose 4*u + 16 = l*u. What are the prime factors of q(u)?
2
Let o(t) = -t**3 + 5*t**2 + 11*t + 7. What are the prime factors of o(5)?
2, 31
Let h be -6 + (-2)/(-3 - -1). Let k(l) = 2*l**2 + 5*l - 7. What are the prime factors of k(h)?
2, 3
Let l be 4/(-10) + 1092/30. Suppose 2*a + a - l = 0. Let k = a - -6. List the prime factors of k.
2, 3
What are the prime factors of 113/3 + (-1)/(-3)?
2, 19
What are the prime factors of 67 - (-9)/3 - -1?
71
Let p(v) = 7*v + 1 + 0 - 2 + 0. List the prime factors of p(3).
2, 5
Suppose -12 = 3*o - 51. Suppose -i - o + 49 = 0. List the prime factors of i.
2, 3
Let n = 182 + -128. Suppose -4*p = -2*p - n. What are the prime factors of p?
3
Suppose 17*y - 18*y - 6 = 0. List the prime factors of (-33 + 9)*4/y.
2
Let f(d) = -4*d + 2. Let v be f(-2). Let a = -7 + v. Suppose -a*l - l + 32 = 4*r, -4*l + 22 = 3*r. List the prime factors of r.
2, 5
Let o(i) = -3*i - 3. Let p be o(-2). Suppose -1 + 7 = h + 3*m, -p*h - 3*m + 24 = 0. Suppose 5*l + 3*v = 6, -24 = -h*l + 4*l + 3*v. List the prime factors of l.
3
Let m be -3*((-2)/(-3))/(-1). Suppose -m = 2*k - 4*k. Let j = k - -10. What are the prime factors of j?
11
Let k(f) = f**2 + f - 2. Let a be k(-3). Suppose i = a*i - 18. List the prime factors of i.
2, 3
Let j = -3 - -15. What are the prime factors of j?
2, 3
Let f(h) = 8*h**2 - 2*h + 2. Let x be f(1). Suppose 80 = -4*n + x*n. List the prime factors of n.
2, 5
Let v(c) = c**2 + 5*c - 10. Suppose -5*g = -5*q - 130, 66 + 10 = 3*g - 4*q. Let n be (-1)/(2/g*2). What are the prime factors of v(n)?
2
Suppose -3*w + 64 = -14. What are the prime factors of w?
2, 13
Suppose 4*y - 130 = 18. What are the prime factors of y?
37
Let a = 14 + 1. List the prime factors of a.
3, 5
Suppose 17*h - 23*h = -108. What are the prime factors of h?
2, 3
Suppose -4*s = -2*s - 32. What are the prime factors of s?
2
Suppose -3*t + 3 = 0, -2*l + 39 = 4*t - 3*t. List the prime factors of l.
19
Let m = 7 - 13. What are the prime factors of -6*1/2 - m?
3
Suppose 0 = -2*z - 5*i + 20, -3*z - 5*i + 22 = -18. Suppose 5*r = -5*n + 85 + z, 5*n = -3*r + 109. List the prime factors of n.
23
Let l be (0 - 4)/((-2)/1). Let a = 4 - l. What are the prime factors of a?
2
Let m = -3 - -7. Suppose -j - 2*g = -2*j + 10, -3*g - m = 4*j. List the prime factors of j.
2
Suppose 5*p - 4 = 16, -2*w = -p - 2. Suppose -y - w*t + 1 = -2*y, 3*t + 31 = 5*y. List the prime factors of y.
2
Suppose -2 = 4*a + 2, -j - 4*a = -42. What are the prime factors of j?
2, 23
Let h = 11 - 7. Let o = h - 0. Suppose o*t - 2*d - 14 = 0, -2*d = t + d. List the prime factors of t.
3
Let l(f) be the third derivative of f**4/6 + f**3/3 + 2*f**2. List the prime factors of l(6).
2, 13
Let c = 77 + -4. What are the prime factors of c?
73
Let z(w) = -w**2 + 9*w + 4. Let p be z(10). What are the prime factors of ((-27)/p - 2)*6?
3, 5
Let h = 4 - 2. Suppose -m = -h*l + 8, -3*l - 2*m - 8 = -20. Suppose c = -l*g + 41, c = -g - 3*c + 29. What are the prime factors of g?
3
Let r = -13 + 18. Let h(n) = n - 3. Let d be h(r). Suppose -p = -0 - d. What are the prime factors of p?
2
Suppose 2*z - 4 = -2*g, -z - 3*g = -4 + 2. Suppose -552 = -z*t + 5*t. What are the prime factors of (-12)/54 + t/(-18)?
2, 5
Let o = 28 + -10. Suppose 0 = -4*b - 3*u + 88, -2*b - 3*u = -u - 42. Let i = b - o. List the prime factors of i.
7
Suppose -6*p + 4*p + 4*n + 84 = 0, 2*p = -5*n + 120. What are the prime factors of p?
2, 5
Let s(k) = 35*k**3 - 2*k**2 + 3*k - 2. List the prime factors of s(1).
2, 17
Suppose 0 = -6*b + 4*b - 26. Suppose -w + 100 = 5*c, -2*c + 5*w + 8 = -32. Let r = b + c. What are the prime factors of r?
7
Suppose -10 = 2*t, -2*t - 20 - 10 = -5*f. Suppose -2*p + 15 = l, 2*p + f*l + l = 35. What are the prime factors of p?
5
Let h(k) be the first derivative of k**4/4 + 8*k**3/3 + 5*k**2/2 - 3*k - 1. Let y be h(-7). Let i = y + -2. List the prime factors of i.
3
Let z = 43 - 24. Suppose 5*f = v - z, 5*v = 3*f - 4*f + 43. Suppose -4*a = 3*w + v - 36, 0 = 5*a + 2*w - 32. List the prime factors of a.
2, 3
Suppose -y + 124 = y. List the prime factors of y.
2, 31
List the prime factors of 618/4*1/(9/6).
103
Let n(g) = g**2 - 5*g + 8. Let s be n(6). Suppose -p + 9 = -s. What are the prime factors of p?
23
Let z(f) = 3 + 5*f**2 + 3*f + f**3 + 0*f**3 + f + 0*f**2. Let m = -1 + -2. What are the prime factors of z(m)?
3
Suppose 250 = 3*k - 17. What are the prime factors of k?
89
Let g(w) = -5*w**2 + 8*w - 13. Let f(c) = 11*c**2 - 17*c + 27. Let d(o) = 4*f(o) + 9*g(o). Let p be d(6). List the prime factors of (-1)/(12/p)*4.
7
Let l be (3/2)/((-2)/(-4)). Let r = -1 + l. Suppose 24 = -0*v + r*v. What are the prime factors of v?
2, 3
Let k be 3*-1 - (0 - 1). Let y be 3 + k - (5 + 0). List the prime factors of 34/4 + 2/y.
2
Suppose g + i - 4*i - 9 = 0, i = g - 17. List the prime factors of g.
3, 7
Suppose -7*g + 84 = -5*g. List the prime factors of g.
2, 3, 7
Suppose 0 = -b + 2 - 1, -b + 353 = 4*h. List the prime factors of h.
2, 11
Suppose o + 4 = -o - x, 5*o = 4*x + 16. Suppose o = 2*f - 8 - 10. List the prime factors of f.
3
Let n(f) = 12 - 2*f + 0*f + 3*f. List the prime factors of n(0).
2, 3
Let k be (-1600)/(-24)*12/10. Suppose 0 = -7*j + 3*j + k. What are the prime factors of j?
2, 5
What are the prime factors of (-6 + 2)*209/(-22)?
2, 19
Suppose 0 = 3*p - a - 118, 6*a = -4*p + 2*a + 184. What are the prime factors of p?
41
Let g be 3/(-9) - 2/3. Let b(u) = -13*u**3 - 2*u - 1. Let i be b(g). Suppose t + t = i. What are the prime factors of t?
7
Let u(x) = -2*x**3 - 3*x**2 + x. What are the prime factors of u(-3)?
2, 3
Let i(g) be the first derivative of g**3/3 - 2*g - 3. What are the prime factors of i(-2)?
2
Suppose 0*d - 20 = 2*d. What are the prime factors of (d + 8)*70/(-4)?
5, 7
Let w = -25 - -10. What are the prime factors of w/((-12)/16*2)?
2, 5
Suppose -6 = 3*t - 42. List the prime factors of 435/t + (-2)/8.
2, 3
Suppose 5*m + 25 = 0, 2*r + 2*m = -2*m - 2. Suppose -5*z = -r*z + 92. What are the prime factors of z?
23
Let v be (1 + 1)/(6/(-3)). Let w = 6 + v. Suppose 3*h = w*h - 16. What are the prime factors of h?
2
List the prime factors of 4/(-8) - (-414)/4.
103
Let u(z) = z + 13. Let s be u(-8). Suppose -7 = -s*x - 2. List the prime factors of (1 - (-2)/2) + x.
3
Let j(n) = -n**2 - 4*n. Let z be j(-5). Let u(d) = -d**2 - 8*d - 4. List the prime factors of u(z).
11
Let r(g) = 3*g**3 - 2*g**2 - 2*g + 1. List the prime factors of r(5).
2, 79
Suppose 3*j + 12 = -102. Let h = j + 84. List the prime factors of h.
2, 23
Let y be 5*(33/(-15) - -1). Let x = 12 + y. List the prime factors of x.
2, 3
Suppose 3*t = 5*l - 25, 2*l = 5*t + 6*l - 20. Suppose -2*k + 39 - 3 = t. Let c = k - 11. List the prime factors of c.
7
Let o(b) = b**2 + 1. Let x be o(1). Suppose 0*q - 4*q + x*j + 70 = 0, 0 = 5*q + j - 70. List the prime factors of q.
3, 5
Let d be (2 + 6)/((-6)/(-3)). Suppose d*z - z - 21 = 0. Suppose z*s - 2*s - 10 = 0. List the prime factors of s.
2
Let u(y) = -y**3 + 13*y**2 - 9*y - 19. List the prime factors of u(8).
229
Let k be (6 + -3 + -4)*-4. List the prime factors of (k/8)/(3/114).
19
Let d = -63 + 93. Suppose -d = -2*p - 4. List the prime factors of p.
13
Suppose 5*p - 116 = 3*p. What are the prime factors of p?
2, 29
Suppose 3*z - 191 = -2*y, -4*z - 8 - 12 = 0. What are the prime factors of y?
103
Let v(q) be the first derivative of q**5/60 - q**4/6 + q**3/2 - q**2/2 - 3. Let i(r) be the second derivative of v(r). What are the prime factors of i(6)?
3, 5
Let c(k) = -2*k**2 - k +